. Give h(-7).
-2
Let g(z) = 6*z + 7. Calculate g(-3).
-11
Let u(d) = -12*d + 76. What is u(7)?
-8
Let o(m) = -7*m - 138. Give o(-18).
-12
Let l(q) = q**3 + 8*q**2 + q - 35. Determine l(-8).
-43
Let f(q) = 43*q - 477. Determine f(11).
-4
Let g(d) = -d**2 - d + 65. Give g(-9).
-7
Let s(l) = -16*l + 4. Calculate s(12).
-188
Let g(i) = -13*i**2 + 1. Give g(2).
-51
Let w(h) = -h + 8. What is w(-4)?
12
Let b(t) = 4*t - 44. What is b(9)?
-8
Let j(w) = -119*w - 364. Determine j(-3).
-7
Let q(g) = -g**2 - 13*g + 8. Give q(-14).
-6
Let y(l) = -l**2 + 2*l + 11. Give y(5).
-4
Let y(f) = f**3 - 3*f**2 - 11*f + 8. Give y(5).
3
Let i(f) = 3*f - 1. Determine i(-2).
-7
Let l(b) = 3*b**3 + 23*b**2 - 6*b + 13. What is l(-8)?
-3
Let x(j) = j**2 - 11*j + 9. Calculate x(4).
-19
Let r(p) = -p**2 + 5*p + 8. Calculate r(8).
-16
Let f(d) = -3*d + 1. Calculate f(0).
1
Let f(n) = -n**3 + 3*n**2 - 3*n + 1. What is f(2)?
-1
Let x(i) = 4*i - 25. Calculate x(5).
-5
Let u(p) = 3*p + 12. Calculate u(-4).
0
Let q(n) = 3*n - 13. Determine q(7).
8
Let f(d) = -d**3 + 15*d**2 - 13*d + 20. Calculate f(14).
34
Let h(k) = -11*k - 48. Determine h(-5).
7
Let s(g) = 6*g - 26. What is s(5)?
4
Let v(b) = b**2 + 27*b - 31. Give v(-26).
-57
Let i(c) = -2*c**3 + 11*c**2 + 2*c + 9. Determine i(6).
-15
Let w(f) = 11*f + 22. Determine w(0).
22
Let f(h) = h**3 + 7*h**2 + 7*h - 4. Determine f(-4).
16
Let d(w) = 4*w**2 + 16*w - 36. Calculate d(3).
48
Let t(l) = l**2 + 4*l + 2. Calculate t(-5).
7
Let k(u) = -3*u + 2. Determine k(-3).
11
Let a(p) = p**3 + 9*p**2 - 26*p + 3. Determine a(-11).
47
Let y(b) = -4*b - 4. Calculate y(2).
-12
Let r(x) = 2*x + 1. Give r(-2).
-3
Let x(q) = -2*q**2 + 5*q - 20. Determine x(0).
-20
Let m(v) = -v**3 + 2*v + 134. Determine m(0).
134
Let o(y) = 2*y**3 + 12*y**2 - 3*y - 14. What is o(-6)?
4
Let b(k) = 2*k**3 + k**2 - 3*k - 1. Determine b(-2).
-7
Let v(s) = 5*s**3 - s + 1. Determine v(-2).
-37
Let v(k) = 3*k + 10. Give v(-3).
1
Let d(k) = -k**2 + 9*k - 21. Determine d(9).
-21
Let m(j) = 23*j - 9. What is m(0)?
-9
Let g(i) = 4*i**3 - i**2 - i. Calculate g(-1).
-4
Let t(z) = -z**3 + 6*z**2 - 7*z + 7. Give t(5).
-3
Let b(m) = -m - 33. What is b(-21)?
-12
Let z(f) = 2*f**3 + 12*f**2 + 10*f - 2. Calculate z(-5).
-2
Let w(u) = -u - 6. Determine w(20).
-26
Let j(r) = -4*r + 40. Determine j(9).
4
Let y(f) = 2*f - 23. Determine y(9).
-5
Let q(x) = -14*x**2 + 1. Calculate q(1).
-13
Let p(a) = 5*a + 72. Calculate p(-14).
2
Let k(q) = -q**2 - 5*q - 12. What is k(0)?
-12
Let q(x) = x**3 + 5*x**2 + 5*x + 4. Give q(-3).
7
Let t(u) = -7*u**2 + 3*u. What is t(3)?
-54
Let q(g) = -g**2 - 3*g + 14. Determine q(-6).
-4
Let h(m) = m**3 - 6*m**2 + 8*m - 5. Determine h(4).
-5
Let l(s) = -17*s - 156. Give l(-9).
-3
Let j(f) = -f**2 - 11*f + 13. What is j(-12)?
1
Let h(q) = -2*q - 1. What is h(-3)?
5
Let o(p) = -2*p**2 - 2*p - 3. Calculate o(-2).
-7
Let a(y) = 3*y**2 - 37*y - 116. What is a(15)?
4
Let j(s) = -2*s**3 + 16*s**2 + 5*s - 15. What is j(8)?
25
Let d(t) = t**3 - t**2 + 2*t - 51. Give d(0).
-51
Let y(w) = -w**3 + 10*w**2 - 7*w. Determine y(9).
18
Let n(a) = -a**3 + 8*a**2 + 7*a + 15. Give n(9).
-3
Let a(z) = -z**2 - 80*z - 640. Give a(-9).
-1
Let d(m) = m**2 + 5*m + 11. Calculate d(-4).
7
Let m(j) = 20*j + 59. What is m(-3)?
-1
Let o(l) = -10*l - 5. Calculate o(-2).
15
Let m(n) = -9*n - 25. Determine m(-11).
74
Let w(o) = o**3 - 21*o**2. Determine w(21).
0
Let m(q) = -4*q**2 - 42*q + 24. What is m(-11)?
2
Let l(p) = p**2 - 16*p + 24. What is l(14)?
-4
Let a(p) = 9*p**3 - p**2 - 1. Calculate a(1).
7
Let r(y) = 35*y**3 - y**2 + 1. Determine r(1).
35
Let j(w) = 56*w - 2. Give j(1).
54
Let k(x) = x**2 - 8*x - 2. Determine k(6).
-14
Let v(f) = -f**3 - 6*f**2 - 4*f - 1. What is v(-5)?
-6
Let y(t) = t**2 + 5*t - 15. Give y(-5).
-15
Let r(y) = -y**2 + 9*y - 16. Calculate r(9).
-16
Let q(o) = -o**3 + 30*o**2 - 34*o + 153. Give q(29).
8
Let t(l) = l**3 + 2*l**2 - 2*l - 3. Determine t(-3).
-6
Let v(g) = g**3 + 5*g**2 + 14. What is v(-6)?
-22
Let w(b) = -b**3 - 2*b**2 - b. Give w(2).
-18
Let g(k) = k - 23. Determine g(9).
-14
Let v(j) = j**2 - 3*j - 16. What is v(6)?
2
Let c(x) = 43*x**2 + 3. Determine c(-1).
46
Let r(m) = 2*m**2 + m - 3. What is r(4)?
33
Let j(h) = 4*h**2 + 309*h - 238. Determine j(-78).
-4
Let u(p) = 2*p**2 + 4*p - 67. What is u(7)?
59
Let b(a) = a**3 - 6*a**2 - a + 6. Give b(6).
0
Let u(k) = -17*k - 15. Determine u(-1).
2
Let k(i) = i**2 - i - 21. Give k(5).
-1
Let o(m) = -3*m**3 + 75*m**2 - 2*m + 47. What is o(25)?
-3
Let a(s) = -s**2 - 24*s - 122. Calculate a(-19).
-27
Let a(q) = -2*q - 80. Calculate a(-31).
-18
Let i(p) = -7*p - 53. Calculate i(-9).
10
Let d(i) = i**2 + 23*i + 118. Calculate d(-15).
-2
Let l(o) = -2*o**3 + 15*o**2 + 3*o + 15. Give l(8).
-25
Let u(p) = p**2 - 11*p - 7. What is u(10)?
-17
Let t(v) = 6*v - 24. Determine t(3).
-6
Let v(n) = -n**2 + 2*n - 7. Determine v(0).
-7
Let o(a) = a**3 - 7*a**2 + 2*a + 6. Determine o(6).
-18
Let a(d) = -2*d**3 + 15*d**2 - 9*d + 9. What is a(7)?
-5
Let w(y) = 10*y + 1. What is w(-2)?
-19
Let u(m) = -2*m**2 + 5*m + 4. What is u(7)?
-59
Let o(a) = -a**3 + 7*a**2 + 10*a - 19. Calculate o(8).
-3
Let o(a) = a**3 - 16*a**2 + 3*a - 20. Determine o(16).
28
Let g(a) = a**3 - 4*a**2 - 7*a + 35. What is g(4)?
7
Let p(t) = -2*t - 82. Determine p(-48).
14
Let a(q) = -q**2 - 11*q + 67. Give a(-16).
-13
Let r(q) = q**3 + 5*q**2 - q + 7. Determine r(-5).
12
Let o(a) = 2*a**2 - 32*a - 2. What is o(16)?
-2
Let z(t) = t**3 - 8*t**2 + 20*t - 18. Give z(4).
-2
Let c(s) = -4*s - 33. Calculate c(-9).
3
Let l(o) = -4*o**2 - 25*o - 6. Calculate l(-6).
0
Let j(i) = -i**3 - 11*i**2 - 12*i - 16. Give j(-10).
4
Let h(y) = -y + 1. Determine h(-10).
11
Let q(w) = 13*w - 80. Calculate q(6).
-2
Let x(d) = d**3 - 20*d**2 - 45*d + 11. What is x(22)?
-11
Let p(j) = 13*j + 39. Determine p(-4).
-13
Let l(u) = -u**3 - 3*u**2 + u + 12. Calculate l(-4).
24
Let n(d) = -3*d**2 - 4*d - 1. What is n(-3)?
-16
Let o(a) = a**3 - 5*a**2 - 5*a - 8. What is o(6)?
-2
Let u(w) = w**2 + 17*w + 6. Determine u(-18).
24
Let d(j) = -6*j + 9. Determine d(4).
-15
Let r(j) = 62*j - 256. Calculate r(4).
-8
Let n(v) = -v**2 - v + 7. Calculate n(-6).
-23
Let u(x) = x**2 + 14*x - 63. What is u(-17)?
-12
Let z(j) = -j**3 - 8*j**2 - 3*j - 30. What is z(-8)?
-6
Let y(g) = -4*g**2 - 7*g. Calculate y(-3).
-15
Let c(u) = -u**2 - 14. Calculate c(-5).
-39
Let m(v) = v**2 + 5*v + 10. Calculate m(-4).
6
Let n(p) = p**3 + p**2 - 30*p + 6. What is n(-6)?
6
Let b(o) = -o**2 - 8*o - 25. What is b(-6)?
-13
Let m(j) = -5*j**2 - 5*j. Determine m(-2).
-10
Let c(a) = -13*a**2 + 3*a - 1. Calculate c(2).
-47
Let y(i) = -i**3 + 9*i**2 + 12*i - 11. Give y(10).
9
Let k(v) = v**2 - 14*v + 8. Determine k(13).
-5
Let s(x) = -3*x - 24. Determine s(-10).
6
Let r(t) = -13*t**2 + 417*t - 28. Determine r(32).
4
Let y(s) = -2*s**2 + s + 12. Give y(-2).
2
Let r(h) = -4*h**2 + 8*h - 10. Determine r(4).
-42
Let t(z) = -13*z + 10. Give t(1).
-3
Let x(l) = l + 18. Give x(-12).
6
Let h(m) = m**2 + 19*m + 2. Calculate h(-20).
22
Let u(m) = 2*m**2 - 44*m - 4. Calculate u(22).
-4
Let w(z) = -z**3 - z**2 + 7*z + 2. Calculate w(0).
2
Let m(v) = -v**3 - 8*v**2 - 6*v + 3. What is m(-7)?
-4
Let i(v) = -2*v**2 - 11*v - 28. What is i(-4)?
-16
Let x(v) = 16*v + 1. Calculate x(-2).
-31
Let i(o) = -o**2 + 5*o + 28. Determine i(12).
-56
Let f(b) = -16*b - 187. Determine f(-11).
-11
Let j(m) = -m**3 - 52*m**2 + 109*m + 46. Calculate j(-54).
-8
Let u(t) = -4*t**2 - 14*t - 8. What is u(-6)?
-68
Let y(l) = -36*l - 1. Give y(4).
-145
Let z(c) = -26*c - 32. What is z(-2)?
20
Let y(u) = -u**3 - u**2 - u + 5. Give y(2).
-9
Let r(l) = -7*l + 303. Give r(42).
9
Let i(b) = 10*b - 7. Give i(6).
53
Let z(a) = -a**3 - 17*a**2 - a - 24. What is z(-17)?
-7
Let s(f) = 36*f + 397. What is s(-11)?
1
Let o(a) = -7*a - 29. Calculate o(-4).
-1
Let t(c) = -c**2 - 11*c + 17. What is t(-10)?
27
Let f(p) = -p**3 - 20*p**2 - 2*p - 10. Determine f(-20).
30
Let p(z) = -z**2 - 15*z + 71. Calculate p(-18).
17
Let p(v) = v - 2. Determine p(-4).
-6
Let n(p) = 6*p**2 - 7*p - 7. What is n(-1)?
6
Let l(k) = k**2 + 15*k - 43. Give l(-17).
-9
Let d(a) = -a**3 + 2*a**2 + 6*a. What is d(-3)?
27
Let i(r) = r**2 + 3*r + 23. Calculate i(-6).
41
Let m(w) = w**2 - 10*w - 6. Wha